reds digit of z?
6
Let w = 80 - 74. Suppose -3*a - w = -6*a. Suppose -238 = -2*q + 2*d, -3*d + 68 = -a*q + 309. What is the units digit of q?
6
Let i(x) = x**3 + 135*x**2 + 520*x - 47. What is the thousands digit of i(-130)?
6
Suppose 43*k + 12 = 49*k. Suppose -q = 4*x - 2469, -3*x - 71 = -k*q - 1909. What is the units digit of x?
6
Let p(o) = -o + 11. Let x be p(8). Let i(v) = -51*v - x - 23*v + 47*v + 2. What is the hundreds digit of i(-8)?
2
Suppose -32 = 2*a + 134. Let h(u) = -2*u**3 + 66*u**2 - 355*u - 61. Let f be h(26). Let s = f + a. What is the tens digit of s?
9
Let i(b) = b**2. Let o(r) = -8*r**2 + 8*r + 1. Let h(s) = -2*i(s) - o(s). Suppose -4*v = -3*f + 10, 0 = -f - 0*f - v + 8. What is the hundreds digit of h(f)?
1
Suppose -3*q + 230 = 5*h, -2*h + 2*q = -0*h - 92. Let d be h*((-65)/(-10) - 3). Let x = -71 + d. What is the tens digit of x?
9
Let w(z) = 5*z**3 + 5*z**2 + 5*z - 2. Let u be w(-3). What is the hundreds digit of (-16 + u)*(-10)/3?
4
Let y = -15 + 26. Let f(r) = -3*r - 21. Let v be f(y). Let d = 135 + v. What is the units digit of d?
1
Suppose -2*o + 23 = -2*a + 7*a, o + 5*a - 19 = 0. Suppose 12*c - 7*c = 2*t - 768, -o*c - 772 = -2*t. What is the units digit of t?
4
Let i(k) = 1079*k**2 + 62*k + 26. What is the tens digit of i(7)?
3
Suppose 3*k + 16876 = -149*x + 150*x, 0 = x + 2*k - 16901. What is the thousands digit of x?
6
What is the tens digit of (1198/1)/(975/(-45) + 22)?
9
Suppose -4*j + j - 7 = -4*x, -4*j + 24 = 3*x. Let y be 22*((-6)/(1 - j))/(-2). Let i = 143 + y. What is the units digit of i?
0
Let g(v) = 6*v - 3. Let r(i) = -i**2 + 24*i - 11. Let o(d) = 9*g(d) - 2*r(d). Let h be o(-5). What is the units digit of -15*(-1 + 5/h)?
0
Let p(s) = -33*s**2 - 14*s - 36. Let h(k) = 30*k**2 + 12*k + 35. Let f(m) = 3*h(m) + 2*p(m). What is the hundreds digit of f(-4)?
3
Suppose 25*l - 22*l = -9. What is the units digit of (l + -50)*-5 + (2 - 3)?
4
Let y = 27 - 15. Suppose 2*r + 670 = 3*h + 4*r, y = -3*r. What is the tens digit of h?
2
Let y be 44/7*(4 - (-4)/(-8)). Let b(p) = p**2 - 20*p + 33. What is the units digit of b(y)?
7
Suppose 5*j - 4*f = 1157, 239 = j - 10*f + 13*f. Let p(h) = -h**3 - h**2 - 2*h - 2. Let a be p(-2). What is the units digit of j + a/9*6?
7
Let w(t) = -t**3 - 6*t**2 + 15*t - 5. Let i be w(-8). Suppose -i*k + 324 = 10*y - 8*y, 2*k - 162 = -y. What is the units digit of y?
2
Let x(t) = 13*t**3 - 64*t**2 + 3*t + 124. What is the units digit of x(9)?
4
Suppose -6*g + 4222 = -13112. Suppose 4*k + 1138 = j, 5*j - 2849 = 4*k + g. What is the thousands digit of j?
1
Suppose 2*d + 3*d = 290. Let m be -3 + 2 + d + 4. Suppose -5*h + 3*v + 142 = 0, -3*h + h = 3*v - m. What is the units digit of h?
9
Let z(j) = -75*j - 14. Let g(c) = 75*c + 14. Let h(t) = -7*g(t) - 6*z(t). Suppose -160*v = -163*v - 9. What is the tens digit of h(v)?
1
Let d(k) = -3*k + 12. Let y be d(4). Suppose -2*i = -2*t + 3*i - 8, -5*t + 3*i + 18 = y. Suppose -t*u + 317 = -307. What is the tens digit of u?
0
Let w(m) = 29*m + 145. Let a be w(-5). Suppose a = -3*p - 4*b + 1803, 5*p = 4*p + 5*b + 582. What is the tens digit of p?
9
What is the units digit of (9 - 319/33) + 8038/6?
9
Let o(j) = 18*j**2 - 22*j - 233. What is the hundreds digit of o(16)?
0
Let k(v) = -25*v**3 + 19*v - 8. What is the units digit of k(-7)?
4
Let a = -88982 + 155364. What is the ten thousands digit of a?
6
Suppose -236 = -8*k + 12. Suppose 3*b + 121 = 5*r, -k = -4*r + 3*r + 4*b. What is the units digit of r?
3
Let o(r) = -59*r**3 + 3*r**2 + 18*r + 31. What is the units digit of o(-4)?
3
Let z(o) = -4*o**2 - o + 48. Let x be z(7). Let f = x - -613. What is the hundreds digit of f?
4
What is the hundreds digit of ((-25)/10*2)/((-12)/13320)?
5
Let q be (-6 - 26/(-5))/(1/(-5)). Suppose -5*b + 1128 = q*d - 9*b, -567 = -2*d + 3*b. What is the hundreds digit of d?
2
Suppose -3*x + o + 11 = 0, -5*x = 5*o - 37 - 8. Suppose x*r - 180 = 11*r. What is the units digit of r/195 - 2578/(-26)?
9
Suppose 4407*h = 4394*h + 124072. What is the hundreds digit of h?
5
Let m = 27 + -20. What is the units digit of 0 + 393 - (7 - (m - -3))?
6
Suppose 0 = 3*g - 2*s - 47705, 13*g - 3*s = s + 206717. What is the tens digit of g?
0
Let f(k) = -5*k**3 - 13*k**2 + 4*k - 7. Let m be f(-7). Let c = m - 596. What is the hundreds digit of c?
4
Let u(s) = 73*s**2 - 399*s + 24. What is the tens digit of u(6)?
5
Let b be -2 - -3 - -5*(-2)/(-5). Suppose -4*o + 25 = 3*s - 8*o, 2*s + b*o = -6. Suppose s*h + 180 = 7*h - 2*y, -225 = -5*h + y. What is the tens digit of h?
4
Let l = 1204 - -441. Suppose 799 = 2*m - l. What is the units digit of 6/(-21) - m/(-14)?
7
Suppose 12*p - 56715 = 9*p - m, 5*p = 2*m + 94547. What is the units digit of p?
7
Suppose 1456*f - 623711 = 1487*f - 2288318. What is the ten thousands digit of f?
5
Let t be (3/4)/((-19)/456). Let d(g) = -2*g**2 - 38*g + 18. What is the units digit of d(t)?
4
Let t(s) = s**2 + s - 1. Let z(n) = -3*n**2 + 23*n + 27. Let i(k) = 6*t(k) - z(k). What is the hundreds digit of i(6)?
1
Let x be 1/((-2)/(-16)) - (-5)/(-5). Suppose -4*k = -x - 5. Suppose 0 = -4*f + 2*m + 74, -6*m + m - 66 = -k*f. What is the tens digit of f?
1
Let o(p) = 9 - p + 5 + 4. Let g be o(13). Suppose 70 + g = 3*w. What is the units digit of w?
5
Let k(f) = 18*f**2 + 2*f + 4. Let c be k(2). Suppose 7*d - 102 = c. What is the hundreds digit of (-1 - -1) + 5*d?
1
Suppose 0 = 36*a + 65793 - 806997. What is the units digit of a?
9
Let p(v) = v**3 + 44*v**2 + 30*v + 83. What is the hundreds digit of p(-26)?
4
Suppose 0 = -2*p + 4*p + 4. Let z(s) = -1807*s - 2. Let l be z(p). What is the units digit of l/68 - 4/34?
3
What is the hundreds digit of ((-6783)/12)/(((-28)/(-4))/(-112))?
0
Let l(g) = -g**2 + 224*g - 1449. What is the thousands digit of l(127)?
0
Let i = 136 - 121. Let n be ((-233)/(-2))/(i/(-30)). Let a = -148 - n. What is the units digit of a?
5
Let u be (-6317)/5 + 6/15. Let l be u/(-15) - (-2 - (-11)/5). Suppose -287 = -4*b - 3*o, 2*o = -4*b - l + 370. What is the tens digit of b?
7
Let t(d) = -4*d**3 + 52*d**2 + 33*d - 5. Let y(h) = 2*h**3 - 26*h**2 - 17*h + 2. Let n(u) = 3*t(u) + 5*y(u). What is the hundreds digit of n(13)?
1
Suppose 0 = 67*h - 69*h + 4. Suppose -4*y + 164 = 4*l - 0*y, 4*y + 58 = h*l. What is the units digit of l?
7
Let w = 15 - 47. Let s = w + 202. What is the tens digit of s?
7
Suppose -5*h + 0*v - 5*v = 15, -3*v - 9 = -5*h. Suppose 5*n - 4*c = 26, h = -0*n + 2*n - c - 8. Suppose -132 = -l - n*l. What is the units digit of l?
4
Let a(p) = 7151*p - 2084. What is the hundreds digit of a(2)?
2
Let d(b) = 1288*b**2 - 28*b + 30. What is the tens digit of d(2)?
2
Let i = 161263 - 96267. What is the ten thousands digit of i?
6
Let i = -16 - -21. Suppose -4*y - 1 + i = 0. What is the units digit of ((-15)/12)/(y/(-68))?
5
Let o = 52 - -1393. Suppose 6*c + 257 = o. What is the tens digit of c?
9
Suppose 0 = b - 2*b + 4. Suppose b*g + 8 = -5*o, 5*g = 4*g - 2. What is the units digit of 0 - -228 - (-3 - -7 - o)?
4
Let x(l) = -l**2 + 6*l - 12. Let f = -53 + 47. Let t(s) = -s**2 + 5*s - 12. Let o(y) = f*t(y) + 5*x(y). What is the units digit of o(0)?
2
Let h = -694 + 1068. Let l = h + -19. What is the tens digit of l?
5
Let r(u) = -u**3 - 33*u**2 + 25*u + 185. Let s(y) = -y**3 - 9*y**2 - 17*y - 28. Let w be s(-6). What is the units digit of r(w)?
1
Let x be 16/(-2)*(-5)/10 - 2. Suppose x*w - 314 = -78. Let v = -69 + w. What is the units digit of v?
9
Suppose 12*y - 7*y + 340 = 0. Let w be 6/9*(0 + -67)*3. Let a = y - w. What is the units digit of a?
6
Let h(i) = -3*i**3 + 41*i**2 + 1499*i + 11. What is the tens digit of h(-31)?
1
Let s be (-72788)/(-21) - 82/861. Suppose -19*u = -2177 - s. What is the units digit of u?
7
Let w = 12300 + -8228. Suppose x - 1549 = -l, -w = -5*l + x + 3655. What is the tens digit of l?
4
Let w(z) = -z**3 - 48*z**2 - 49*z + 111. Let p be w(-47). What is the tens digit of ((p/(-4))/(-1))/(5/20)?
0
Let p(n) = n**3 - 21*n**2 + 21*n + 800. What is the thousands digit of p(32)?
2
Suppose -2*h - 1 = -h + 3*x, 0 = 3*h - 4*x - 23. Suppose -c - 4*j + 65 = 0, 2*c - 14 - 86 = 2*j. Suppose h*r - 12 = c. What is the units digit of r?
3
Suppose -18*q + 46736 = 20*q - 543898. What is the hundreds digit of q?
5
Suppose -387*q - 66 = -393*q. S